{"id":140,"date":"2025-01-15T15:10:40","date_gmt":"2025-01-15T14:10:40","guid":{"rendered":"https:\/\/yours-international.com\/?page_id=140"},"modified":"2025-01-20T10:22:34","modified_gmt":"2025-01-20T09:22:34","slug":"140-2","status":"publish","type":"page","link":"https:\/\/yours-international.com\/index.php\/140-2\/","title":{"rendered":""},"content":{"rendered":"\n<div class=\"wp-block-group alignfull has-base-2-background-color has-background has-global-padding is-layout-constrained wp-container-core-group-is-layout-669513ed wp-block-group-is-layout-constrained\" style=\"margin-top:0;margin-bottom:0;padding-top:var(--wp--preset--spacing--50);padding-right:var(--wp--preset--spacing--50);padding-bottom:var(--wp--preset--spacing--50);padding-left:var(--wp--preset--spacing--50)\">\n<div class=\"wp-block-group is-vertical is-content-justification-center is-layout-flex wp-container-core-group-is-layout-52b864f0 wp-block-group-is-layout-flex\">\n<h2 class=\"wp-block-heading has-text-align-center is-style-asterisk\"><strong><a href=\"http:\/\/yours-international.com\"><mark style=\"background-color:rgba(0, 0, 0, 0);color:#ff8719\" class=\"has-inline-color\">Plus d&rsquo;informations<\/mark><\/a><\/strong><\/h2>\n\n\n\n<div style=\"height:0px\" aria-hidden=\"true\" class=\"wp-block-spacer wp-container-content-4f2ccadb\"><\/div>\n\n\n\n<div class=\"wp-block-group has-global-padding is-layout-constrained wp-block-group-is-layout-constrained\">\n<p class=\"has-text-align-left\">YOURS INTERNATIONAL est une entreprise sp\u00e9cialis\u00e9e dans l&rsquo;import\/export des fournitures pour les forces de l&rsquo;ordre. Notre entreprise propose des produits de haute qualit\u00e9, fabriqu\u00e9s avec soin en Alg\u00e9rie par des employ\u00e9s 100% qualifi\u00e9. Ce choix refl\u00e8te notre engagement envers le savoir faire local. En ma\u00eetrisant chaque \u00e9tape de la production sur place, nous garantissons des produits durables, performants et parfaitement adapt\u00e9s aux exigences europ\u00e9ennes.<\/p>\n<\/div>\n<\/div>\n<\/div>\n","protected":false},"excerpt":{"rendered":"<p>Plus d&rsquo;informations YOURS INTERNATIONAL est une entreprise sp\u00e9cialis\u00e9e dans l&rsquo;import\/export des fournitures pour les forces de l&rsquo;ordre. Notre entreprise propose des produits de haute qualit\u00e9, fabriqu\u00e9s avec soin en Alg\u00e9rie par des employ\u00e9s 100% qualifi\u00e9. Ce choix refl\u00e8te notre engagement envers le savoir faire local. En ma\u00eetrisant chaque \u00e9tape de la production sur place, nous [&hellip;]<\/p>\n","protected":false},"author":1,"featured_media":0,"parent":0,"menu_order":0,"comment_status":"closed","ping_status":"closed","template":"","meta":{"footnotes":""},"class_list":["post-140","page","type-page","status-publish","hentry"],"_links":{"self":[{"href":"https:\/\/yours-international.com\/index.php\/wp-json\/wp\/v2\/pages\/140","targetHints":{"allow":["GET"]}}],"collection":[{"href":"https:\/\/yours-international.com\/index.php\/wp-json\/wp\/v2\/pages"}],"about":[{"href":"https:\/\/yours-international.com\/index.php\/wp-json\/wp\/v2\/types\/page"}],"author":[{"embeddable":true,"href":"https:\/\/yours-international.com\/index.php\/wp-json\/wp\/v2\/users\/1"}],"replies":[{"embeddable":true,"href":"https:\/\/yours-international.com\/index.php\/wp-json\/wp\/v2\/comments?post=140"}],"version-history":[{"count":5,"href":"https:\/\/yours-international.com\/index.php\/wp-json\/wp\/v2\/pages\/140\/revisions"}],"predecessor-version":[{"id":196,"href":"https:\/\/yours-international.com\/index.php\/wp-json\/wp\/v2\/pages\/140\/revisions\/196"}],"wp:attachment":[{"href":"https:\/\/yours-international.com\/index.php\/wp-json\/wp\/v2\/media?parent=140"}],"curies":[{"name":"wp","href":"https:\/\/api.w.org\/{rel}","templated":true}]}}